{"id":954,"date":"2026-04-25T16:39:31","date_gmt":"2026-04-25T16:39:31","guid":{"rendered":"https:\/\/vsav.info\/?page_id=954"},"modified":"2026-04-25T16:47:43","modified_gmt":"2026-04-25T16:47:43","slug":"134-delegiertenversammlung-vsav-am-25-04-2026-in-reiden","status":"publish","type":"page","link":"https:\/\/vsav.info\/index.php\/134-delegiertenversammlung-vsav-am-25-04-2026-in-reiden\/","title":{"rendered":"134. Delegiertenversammlung VSAV am 25.04.2026 in Reiden."},"content":{"rendered":"\n<p>Anl\u00e4sslich der 134. Delegiertenversammlung des Verbandes Schweizerischer Artillerie-Vereine (VSAV\/ASSA) am 25.04.2026 in Reiden durfte der Zentralpr\u00e4sident Oberstleutnant Thomas Purtschert die Delegierten von 19 Sektionen und die G\u00e4ste Willkommen heissen.<\/p>\n<p>Am Vormittag fanden die drei Konferenzen der Pr\u00e4sidenten, Sch\u00fctzenmeister und \u00dcbungsleiter statt.\u00a0<\/p>\n<p>Gefreiter Pirmin Oehen wurde einstimmig als Ehrenmitglied des Verbandes gew\u00e4hlt &#8211; Gratulation<\/p>\n<p>Impressionen (Fachof Fabian Coulot):<\/p>\n<figure id=\"attachment_955\" aria-describedby=\"caption-attachment-955\" style=\"width: 640px\" class=\"wp-caption aligncenter\"><img loading=\"lazy\" decoding=\"async\" class=\"wp-image-955 size-large\" src=\"https:\/\/vsav.info\/wp-content\/uploads\/2026\/04\/IMG_5871-1024x957.jpg\" alt=\"\" width=\"640\" height=\"598\" srcset=\"https:\/\/vsav.info\/wp-content\/uploads\/2026\/04\/IMG_5871-1024x957.jpg 1024w, https:\/\/vsav.info\/wp-content\/uploads\/2026\/04\/IMG_5871-300x280.jpg 300w, https:\/\/vsav.info\/wp-content\/uploads\/2026\/04\/IMG_5871-768x718.jpg 768w, https:\/\/vsav.info\/wp-content\/uploads\/2026\/04\/IMG_5871-1536x1435.jpg 1536w, https:\/\/vsav.info\/wp-content\/uploads\/2026\/04\/IMG_5871-2048x1914.jpg 2048w\" sizes=\"auto, (max-width: 640px) 100vw, 640px\" \/><figcaption id=\"caption-attachment-955\" class=\"wp-caption-text\">\u00dcbungsleiter Konferenz unter der Leitung von Four Urs Vogel<\/figcaption><\/figure>\n<p>\u00a0<\/p>\n<figure id=\"attachment_957\" aria-describedby=\"caption-attachment-957\" style=\"width: 640px\" class=\"wp-caption aligncenter\"><img loading=\"lazy\" decoding=\"async\" class=\"wp-image-957 size-large\" src=\"https:\/\/vsav.info\/wp-content\/uploads\/2026\/04\/IMG_5876-1024x534.jpg\" alt=\"\" width=\"640\" height=\"334\" srcset=\"https:\/\/vsav.info\/wp-content\/uploads\/2026\/04\/IMG_5876-1024x534.jpg 1024w, https:\/\/vsav.info\/wp-content\/uploads\/2026\/04\/IMG_5876-300x156.jpg 300w, https:\/\/vsav.info\/wp-content\/uploads\/2026\/04\/IMG_5876-768x400.jpg 768w, https:\/\/vsav.info\/wp-content\/uploads\/2026\/04\/IMG_5876-1536x801.jpg 1536w, https:\/\/vsav.info\/wp-content\/uploads\/2026\/04\/IMG_5876-2048x1067.jpg 2048w\" sizes=\"auto, (max-width: 640px) 100vw, 640px\" \/><figcaption id=\"caption-attachment-957\" class=\"wp-caption-text\">Pr\u00e4sidentenkonferenz unter der Leitung von Oberstleutnant Thomas Purtschert<\/figcaption><\/figure>\n<p>\u00a0<\/p>\n<figure id=\"attachment_956\" aria-describedby=\"caption-attachment-956\" style=\"width: 640px\" class=\"wp-caption aligncenter\"><img loading=\"lazy\" decoding=\"async\" class=\"wp-image-956 size-large\" src=\"https:\/\/vsav.info\/wp-content\/uploads\/2026\/04\/IMG_5872-1024x529.jpg\" alt=\"\" width=\"640\" height=\"331\" srcset=\"https:\/\/vsav.info\/wp-content\/uploads\/2026\/04\/IMG_5872-1024x529.jpg 1024w, https:\/\/vsav.info\/wp-content\/uploads\/2026\/04\/IMG_5872-300x155.jpg 300w, https:\/\/vsav.info\/wp-content\/uploads\/2026\/04\/IMG_5872-768x397.jpg 768w, https:\/\/vsav.info\/wp-content\/uploads\/2026\/04\/IMG_5872-1536x794.jpg 1536w, https:\/\/vsav.info\/wp-content\/uploads\/2026\/04\/IMG_5872-2048x1058.jpg 2048w\" sizes=\"auto, (max-width: 640px) 100vw, 640px\" \/><figcaption id=\"caption-attachment-956\" class=\"wp-caption-text\">Sch\u00fctzenmeisterkonferenz unter der Leitung von Kanonier Adrian Zwinggi<\/figcaption><\/figure>\n<p>\u00a0<\/p>\n<figure id=\"attachment_959\" aria-describedby=\"caption-attachment-959\" style=\"width: 640px\" class=\"wp-caption aligncenter\"><img loading=\"lazy\" decoding=\"async\" class=\"wp-image-959 size-large\" src=\"https:\/\/vsav.info\/wp-content\/uploads\/2026\/04\/IMG_5882-1024x624.jpg\" alt=\"\" width=\"640\" height=\"390\" srcset=\"https:\/\/vsav.info\/wp-content\/uploads\/2026\/04\/IMG_5882-1024x624.jpg 1024w, https:\/\/vsav.info\/wp-content\/uploads\/2026\/04\/IMG_5882-300x183.jpg 300w, https:\/\/vsav.info\/wp-content\/uploads\/2026\/04\/IMG_5882-768x468.jpg 768w, https:\/\/vsav.info\/wp-content\/uploads\/2026\/04\/IMG_5882-1536x935.jpg 1536w, https:\/\/vsav.info\/wp-content\/uploads\/2026\/04\/IMG_5882-2048x1247.jpg 2048w\" sizes=\"auto, (max-width: 640px) 100vw, 640px\" \/><figcaption id=\"caption-attachment-959\" class=\"wp-caption-text\">Gratulation den Preistr\u00e4gern<\/figcaption><\/figure>\n<p>\u00a0<\/p>\n<figure id=\"attachment_966\" aria-describedby=\"caption-attachment-966\" style=\"width: 640px\" class=\"wp-caption aligncenter\"><img loading=\"lazy\" decoding=\"async\" class=\"wp-image-966 size-large\" src=\"https:\/\/vsav.info\/wp-content\/uploads\/2026\/04\/IMG_5907-1024x683.jpg\" alt=\"\" width=\"640\" height=\"427\" srcset=\"https:\/\/vsav.info\/wp-content\/uploads\/2026\/04\/IMG_5907-1024x683.jpg 1024w, https:\/\/vsav.info\/wp-content\/uploads\/2026\/04\/IMG_5907-300x200.jpg 300w, https:\/\/vsav.info\/wp-content\/uploads\/2026\/04\/IMG_5907-768x512.jpg 768w, https:\/\/vsav.info\/wp-content\/uploads\/2026\/04\/IMG_5907-1536x1024.jpg 1536w, https:\/\/vsav.info\/wp-content\/uploads\/2026\/04\/IMG_5907-2048x1365.jpg 2048w\" sizes=\"auto, (max-width: 640px) 100vw, 640px\" \/><figcaption id=\"caption-attachment-966\" class=\"wp-caption-text\">Als Gastreferent konnte der Verband Herr Nationalrat Reto Nause von der Allianz Sicherheit Schweiz gewinnen. Er referierte eine spannende Halbestunde ua \u00fcber die bevorstehenden Abstimmungskampagnien.<\/figcaption><\/figure>\n<p>\u00a0<\/p>\n<figure id=\"attachment_967\" aria-describedby=\"caption-attachment-967\" style=\"width: 640px\" class=\"wp-caption aligncenter\"><img loading=\"lazy\" decoding=\"async\" class=\"wp-image-967 size-large\" src=\"https:\/\/vsav.info\/wp-content\/uploads\/2026\/04\/IMG_5908-738x1024.jpg\" alt=\"\" width=\"640\" height=\"888\" srcset=\"https:\/\/vsav.info\/wp-content\/uploads\/2026\/04\/IMG_5908-738x1024.jpg 738w, https:\/\/vsav.info\/wp-content\/uploads\/2026\/04\/IMG_5908-216x300.jpg 216w, https:\/\/vsav.info\/wp-content\/uploads\/2026\/04\/IMG_5908-768x1066.jpg 768w, https:\/\/vsav.info\/wp-content\/uploads\/2026\/04\/IMG_5908-1107x1536.jpg 1107w, https:\/\/vsav.info\/wp-content\/uploads\/2026\/04\/IMG_5908-1475x2048.jpg 1475w, https:\/\/vsav.info\/wp-content\/uploads\/2026\/04\/IMG_5908-scaled.jpg 1844w\" sizes=\"auto, (max-width: 640px) 100vw, 640px\" \/><figcaption id=\"caption-attachment-967\" class=\"wp-caption-text\">Nationalrat Reto Nause<\/figcaption><\/figure>\n<p>\u00a0<\/p>\n<figure id=\"attachment_965\" aria-describedby=\"caption-attachment-965\" style=\"width: 640px\" class=\"wp-caption aligncenter\"><img loading=\"lazy\" decoding=\"async\" class=\"wp-image-965 size-large\" src=\"https:\/\/vsav.info\/wp-content\/uploads\/2026\/04\/IMG_5903-1024x683.jpg\" alt=\"\" width=\"640\" height=\"427\" srcset=\"https:\/\/vsav.info\/wp-content\/uploads\/2026\/04\/IMG_5903-1024x683.jpg 1024w, https:\/\/vsav.info\/wp-content\/uploads\/2026\/04\/IMG_5903-300x200.jpg 300w, https:\/\/vsav.info\/wp-content\/uploads\/2026\/04\/IMG_5903-768x512.jpg 768w, https:\/\/vsav.info\/wp-content\/uploads\/2026\/04\/IMG_5903-1536x1024.jpg 1536w, https:\/\/vsav.info\/wp-content\/uploads\/2026\/04\/IMG_5903-2048x1365.jpg 2048w\" sizes=\"auto, (max-width: 640px) 100vw, 640px\" \/><figcaption id=\"caption-attachment-965\" class=\"wp-caption-text\">Pirmin Oehen wurde zum Ehrenmitglied des Verbandes gew\u00e4hlt.<\/figcaption><\/figure>\n<p>\u00a0<\/p>\n<figure id=\"attachment_963\" aria-describedby=\"caption-attachment-963\" style=\"width: 640px\" class=\"wp-caption aligncenter\"><img loading=\"lazy\" decoding=\"async\" class=\"wp-image-963 size-large\" src=\"https:\/\/vsav.info\/wp-content\/uploads\/2026\/04\/IMG_5894-907x1024.jpg\" alt=\"\" width=\"640\" height=\"723\" srcset=\"https:\/\/vsav.info\/wp-content\/uploads\/2026\/04\/IMG_5894-907x1024.jpg 907w, https:\/\/vsav.info\/wp-content\/uploads\/2026\/04\/IMG_5894-266x300.jpg 266w, https:\/\/vsav.info\/wp-content\/uploads\/2026\/04\/IMG_5894-768x867.jpg 768w, https:\/\/vsav.info\/wp-content\/uploads\/2026\/04\/IMG_5894-1361x1536.jpg 1361w, https:\/\/vsav.info\/wp-content\/uploads\/2026\/04\/IMG_5894-1814x2048.jpg 1814w\" sizes=\"auto, (max-width: 640px) 100vw, 640px\" \/><figcaption id=\"caption-attachment-963\" class=\"wp-caption-text\">Preistr\u00e4ger der Sch\u00fctzen<\/figcaption><\/figure>\n<p>\u00a0<\/p>\n<figure id=\"attachment_964\" aria-describedby=\"caption-attachment-964\" style=\"width: 640px\" class=\"wp-caption aligncenter\"><img loading=\"lazy\" decoding=\"async\" class=\"wp-image-964 size-large\" src=\"https:\/\/vsav.info\/wp-content\/uploads\/2026\/04\/IMG_5899-1024x683.jpg\" alt=\"\" width=\"640\" height=\"427\" srcset=\"https:\/\/vsav.info\/wp-content\/uploads\/2026\/04\/IMG_5899-1024x683.jpg 1024w, https:\/\/vsav.info\/wp-content\/uploads\/2026\/04\/IMG_5899-300x200.jpg 300w, https:\/\/vsav.info\/wp-content\/uploads\/2026\/04\/IMG_5899-768x512.jpg 768w, https:\/\/vsav.info\/wp-content\/uploads\/2026\/04\/IMG_5899-1536x1024.jpg 1536w, https:\/\/vsav.info\/wp-content\/uploads\/2026\/04\/IMG_5899-2048x1365.jpg 2048w\" sizes=\"auto, (max-width: 640px) 100vw, 640px\" \/><figcaption id=\"caption-attachment-964\" class=\"wp-caption-text\">Preistr\u00e4ger der Sch\u00fctzen<\/figcaption><\/figure>\n<p>\u00a0<\/p>\n<figure id=\"attachment_962\" aria-describedby=\"caption-attachment-962\" style=\"width: 640px\" class=\"wp-caption aligncenter\"><img loading=\"lazy\" decoding=\"async\" class=\"wp-image-962 size-large\" src=\"https:\/\/vsav.info\/wp-content\/uploads\/2026\/04\/IMG_5893-1024x683.jpg\" alt=\"\" width=\"640\" height=\"427\" srcset=\"https:\/\/vsav.info\/wp-content\/uploads\/2026\/04\/IMG_5893-1024x683.jpg 1024w, https:\/\/vsav.info\/wp-content\/uploads\/2026\/04\/IMG_5893-300x200.jpg 300w, https:\/\/vsav.info\/wp-content\/uploads\/2026\/04\/IMG_5893-768x512.jpg 768w, https:\/\/vsav.info\/wp-content\/uploads\/2026\/04\/IMG_5893-1536x1024.jpg 1536w, https:\/\/vsav.info\/wp-content\/uploads\/2026\/04\/IMG_5893-2048x1365.jpg 2048w\" sizes=\"auto, (max-width: 640px) 100vw, 640px\" \/><figcaption id=\"caption-attachment-962\" class=\"wp-caption-text\">Zentralpr\u00e4sident Oberstleutnant Thomas Purtschert<\/figcaption><\/figure>\n<p>\u00a0<\/p>\n<figure id=\"attachment_960\" aria-describedby=\"caption-attachment-960\" style=\"width: 640px\" class=\"wp-caption aligncenter\"><img loading=\"lazy\" decoding=\"async\" class=\"wp-image-960 size-large\" src=\"https:\/\/vsav.info\/wp-content\/uploads\/2026\/04\/IMG_5889-1024x577.jpg\" alt=\"\" width=\"640\" height=\"361\" srcset=\"https:\/\/vsav.info\/wp-content\/uploads\/2026\/04\/IMG_5889-1024x577.jpg 1024w, https:\/\/vsav.info\/wp-content\/uploads\/2026\/04\/IMG_5889-300x169.jpg 300w, https:\/\/vsav.info\/wp-content\/uploads\/2026\/04\/IMG_5889-768x433.jpg 768w, https:\/\/vsav.info\/wp-content\/uploads\/2026\/04\/IMG_5889-1536x865.jpg 1536w, https:\/\/vsav.info\/wp-content\/uploads\/2026\/04\/IMG_5889-2048x1154.jpg 2048w\" sizes=\"auto, (max-width: 640px) 100vw, 640px\" \/><figcaption id=\"caption-attachment-960\" class=\"wp-caption-text\">DV im Saal der Hotel Sonne in Reiden<\/figcaption><\/figure>\n<p>\u00a0<\/p>\n<figure id=\"attachment_958\" aria-describedby=\"caption-attachment-958\" style=\"width: 640px\" class=\"wp-caption aligncenter\"><img loading=\"lazy\" decoding=\"async\" class=\"wp-image-958 size-large\" src=\"https:\/\/vsav.info\/wp-content\/uploads\/2026\/04\/IMG_5881-1024x683.jpg\" alt=\"\" width=\"640\" height=\"427\" srcset=\"https:\/\/vsav.info\/wp-content\/uploads\/2026\/04\/IMG_5881-1024x683.jpg 1024w, https:\/\/vsav.info\/wp-content\/uploads\/2026\/04\/IMG_5881-300x200.jpg 300w, https:\/\/vsav.info\/wp-content\/uploads\/2026\/04\/IMG_5881-768x512.jpg 768w, https:\/\/vsav.info\/wp-content\/uploads\/2026\/04\/IMG_5881-1536x1024.jpg 1536w, https:\/\/vsav.info\/wp-content\/uploads\/2026\/04\/IMG_5881-2048x1365.jpg 2048w\" sizes=\"auto, (max-width: 640px) 100vw, 640px\" \/><figcaption id=\"caption-attachment-958\" class=\"wp-caption-text\">DV im Saal Hotel Sonne in Reiden<\/figcaption><\/figure>\n","protected":false},"excerpt":{"rendered":"<p>Anl\u00e4sslich der 134. Delegiertenversammlung des Verbandes Schweizerischer Artillerie-Vereine (VSAV\/ASSA) am 25.04.2026 in Reiden durfte der Zentralpr\u00e4sident Oberstleutnant Thomas Purtschert die Delegierten von 19 Sektionen und die G\u00e4ste Willkommen heissen. Am Vormittag fanden die drei Konferenzen der Pr\u00e4sidenten, Sch\u00fctzenmeister und \u00dcbungsleiter statt.\u00a0 Gefreiter Pirmin Oehen wurde einstimmig als Ehrenmitglied des Verbandes gew\u00e4hlt &#8211; Gratulation Impressionen (Fachof [&hellip;]<\/p>\n","protected":false},"author":1,"featured_media":0,"parent":0,"menu_order":0,"comment_status":"closed","ping_status":"closed","template":"","meta":{"footnotes":""},"class_list":["post-954","page","type-page","status-publish","hentry"],"_links":{"self":[{"href":"https:\/\/vsav.info\/index.php\/wp-json\/wp\/v2\/pages\/954","targetHints":{"allow":["GET"]}}],"collection":[{"href":"https:\/\/vsav.info\/index.php\/wp-json\/wp\/v2\/pages"}],"about":[{"href":"https:\/\/vsav.info\/index.php\/wp-json\/wp\/v2\/types\/page"}],"author":[{"embeddable":true,"href":"https:\/\/vsav.info\/index.php\/wp-json\/wp\/v2\/users\/1"}],"replies":[{"embeddable":true,"href":"https:\/\/vsav.info\/index.php\/wp-json\/wp\/v2\/comments?post=954"}],"version-history":[{"count":4,"href":"https:\/\/vsav.info\/index.php\/wp-json\/wp\/v2\/pages\/954\/revisions"}],"predecessor-version":[{"id":974,"href":"https:\/\/vsav.info\/index.php\/wp-json\/wp\/v2\/pages\/954\/revisions\/974"}],"wp:attachment":[{"href":"https:\/\/vsav.info\/index.php\/wp-json\/wp\/v2\/media?parent=954"}],"curies":[{"name":"wp","href":"https:\/\/api.w.org\/{rel}","templated":true}]}}